 of 2079?
9
What is the tens digit of 1378?
7
What is the tens digit of 511?
1
What is the units digit of 40461?
1
What is the thousands digit of 12212?
2
What is the tens digit of 9731?
3
What is the units digit of 12945?
5
What is the thousands digit of 34141?
4
What is the tens digit of 13128?
2
What is the tens digit of 10362?
6
What is the units digit of 15057?
7
What is the hundreds digit of 116919?
9
What is the hundreds digit of 92662?
6
What is the tens digit of 2441?
4
What is the hundreds digit of 36395?
3
What is the thousands digit of 115558?
5
What is the tens digit of 854?
5
What is the tens digit of 476?
7
What is the tens digit of 949?
4
What is the ten thousands digit of 14961?
1
What is the tens digit of 53054?
5
What is the units digit of 335?
5
What is the units digit of 694?
4
What is the thousands digit of 2173?
2
What is the hundreds digit of 16291?
2
What is the thousands digit of 140259?
0
What is the units digit of 32?
2
What is the thousands digit of 1430?
1
What is the thousands digit of 1993?
1
What is the tens digit of 497?
9
What is the units digit of 28055?
5
What is the thousands digit of 1052?
1
What is the thousands digit of 1200?
1
What is the tens digit of 4321?
2
What is the units digit of 2307?
7
What is the thousands digit of 2652?
2
What is the units digit of 3780?
0
What is the tens digit of 4761?
6
What is the ten thousands digit of 18848?
1
What is the units digit of 1386?
6
What is the units digit of 161648?
8
What is the thousands digit of 5764?
5
What is the units digit of 25800?
0
What is the units digit of 2125?
5
What is the ten thousands digit of 35236?
3
What is the hundreds digit of 18835?
8
What is the tens digit of 1318?
1
What is the units digit of 50026?
6
What is the hundreds digit of 1788?
7
What is the hundreds digit of 4527?
5
What is the thousands digit of 43388?
3
What is the units digit of 503?
3
What is the tens digit of 4195?
9
What is the thousands digit of 2339?
2
What is the tens digit of 365?
6
What is the hundreds digit of 591?
5
What is the thousands digit of 10604?
0
What is the units digit of 855?
5
What is the units digit of 4869?
9
What is the units digit of 1104?
4
What is the tens digit of 1901?
0
What is the thousands digit of 1007?
1
What is the hundreds digit of 6491?
4
What is the tens digit of 1372?
7
What is the hundreds digit of 2716?
7
What is the tens digit of 8446?
4
What is the units digit of 2297?
7
What is the thousands digit of 9931?
9
What is the thousands digit of 5562?
5
What is the thousands digit of 3372?
3
What is the units digit of 2232?
2
What is the tens digit of 33016?
1
What is the thousands digit of 2021?
2
What is the tens digit of 9015?
1
What is the ten thousands digit of 40973?
4
What is the tens digit of 568?
6
What is the thousands digit of 45757?
5
What is the units digit of 13496?
6
What is the tens digit of 42452?
5
What is the units digit of 944?
4
What is the thousands digit of 9286?
9
What is the tens digit of 5192?
9
What is the tens digit of 16198?
9
What is the tens digit of 1864?
6
What is the tens digit of 16472?
7
What is the tens digit of 50902?
0
What is the tens digit of 7095?
9
What is the thousands digit of 4967?
4
What is the ten thousands digit of 29394?
2
What is the thousands digit of 8321?
8
What is the units digit of 9415?
5
What is the hundreds digit of 1059?
0
What is the tens digit of 498?
9
What is the thousands digit of 2210?
2
What is the thousands digit of 66108?
6
What is the units digit of 179?
9
What is the tens digit of 2865?
6
What is the hundreds digit of 3778?
7
What is the ten thousands digit of 174697?
7
What is the thousands digit of 13264?
3
What is the thousands digit of 32787?
2
What is the hundreds digit of 7351?
3
What is the hundreds digit of 834?
8
What is the thousands digit of 7037?
7
What is the thousands digit of 81007?
1
What is the units digit of 109?
9
What is the thousands digit of 1267?
1
What is the hundreds digit of 307?
3
What is the hundreds digit of 7397?
3
What is the ten thousands digit of 80075?
8
What is the units digit of 7399?
9
What is the ten thousands digit of 13678?
1
What is the tens digit of 2456?
5
What is the tens digit of 38059?
5
What is the units digit of 37431?
1
What is the units digit of 4051?
1
What is the hundreds digit of 96030?
0
What is the tens digit of 766?
6
What is the tens digit of 481?
8
What is the thousands digit of 36826?
6
What is the hundreds digit of 1646?
6
What is the thousands digit of 1857?
1
What is the tens digit of 65672?
7
What is the hundreds digit of 3377?
3
What is the thousands digit of 101643?
1
What is the ten thousands digit of 35803?
3
What is the units digit of 1485?
5
What is the units digit of 417?
7
What is the tens digit of 1048?
4
What is the hundreds digit of 829?
8
What is the units digit of 17143?
3
What is the hundreds digit of 53051?
0
What is the units digit of 30938?
8
What is the units digit of 9952?
2
What is the tens digit of 3214?
1
What is the hundreds digit of 328?
3
What is the thousands digit of 25820?
5
What is the hundreds digit of 1693?
6
What is the units digit of 565?
5
What is the ten thousands digit of 64545?
6
What is the units digit of 1402?
2
What is the ten thousands digit of 12173?
1
What is the thousands digit of 90848?
0
What is the hundreds digit of 31631?
6
What is the thousands digit of 1682?
1
What is the tens digit of 58005?
0
What is the units digit of 6257?
7
What is the ten thousands digit of 56935?
5
What is the units digit of 305?
5
What is the tens digit of 21?
2
What is the tens digit of 686?
8
What is the thousands digit of 103943?
3
What is the tens digit of 17981?
8
What is the hundreds digit of 50879?
8
What is the thousands digit of 2387?
2
What is the tens digit of 818?
1
What is the tens digit of 814?
1
What is the thousands digit of 2119?
2
What is the hundreds digit of 51980?
9
What is the tens digit of 73069?
6
What is the tens digit of 7726?
2
What is the units digit of 713?
3
What is the hundreds digit of 4633?
6
What is the hundreds digit of 12354?
3
What is the thousands digit of 2082?
2
What is the thousands digit of 1998?
1
What is the thousands digit of 1547?
1
What is the thousands digit of 4103?
4
What is the thousands digit of 2729?
2
What is the ten thousands digit of 15460?
1
What is the thousands digit of 40167?
0
What is the thousands digit of 22922?
2
What is the hundreds digit of 9177?
1
What is the ten thousands digit of 92218?
9
What is the thousands digit of 2965?
2
What is the units digit of 66470?
0
What is the hundreds digit of 1189?
1
What is the units digit of 116943?
3
What is the thousands digit of 1049?
1
What is the units digit of 7009?
9
What is the hundreds digit of 19628?
6
What is the hundreds digit of 43537?
5
What is the hundreds digit of 2428?
4
What is the ten thousands digit of 21305?
2
What is the thousands digit of 1326?
1
What is the units digit of 1957?
7
What is the thousands digit of 9621?
9
What is the units digit of 2803?
3
What is the ten thousands digit of 21917?
2
What is the thousands digit of 1548?
1
What is the tens digit of 1211?
1
What is the units digit of 6348?
8
What is the units digit of 13130?
0
What is the units digit of 395?
5
What is the tens digit of 3411?
1
What is the tens digit of 3909?
0
What is the units digit of 3589?
9
What is the thousands digit of 2186?
2
What is the units digit of 7766?
6
What is the thousands digit of 5263?
5
What is the tens digit of 21444?
4
What is the tens digit of 1018?
1
What is the units digit of 8226?
6
What is the hundreds digit of 1387?
3
What is the ten thousands digit of 31503?
3
What is the thousands digit of 3889?
3
What is the tens digit of 8372?
7
What is the units digit of 36599?
9
What is the hundreds digit of 2819?
8
What is the hundreds digit of 1555?
5
What is the hundreds digit of 31063?
0
What is the units digit of 1924?
4
What is the tens digit of 1591?
9
What is the hundreds digit of 9913?
9
What is the hundreds digit of 1272?
2
What is the units digit of 4554?
4
What is the ten thousands digit of 30214?
3
What is the units digit of 431?
1
What is the ten thousands digit of 39247?
3
What is the tens digit of 5552?
5
What is the tens digit of 16588?
